- 4*w. Suppose -75 = -10*x + 15. Suppose 3*a - x = -0*a. What is k(a)?
-3
Let s(p) = -p**3 + 6*p**2 + 8. Let o(l) = -8*l**2 + 44*l + 30. Let w be o(6). Give s(w).
8
Suppose 0 = 2*s - 4*w + 54, 4*s - w + 127 = -2. Let f = -30 - s. Suppose -2 = 4*d + 4*b + 10, -1 = -5*d + f*b. Let n(v) = -v. Determine n(d).
1
Let l(j) be the third derivative of j**6/120 - j**5/10 + j**4/24 + j**3/6 + 10*j**2 - 3. Calculate l(6).
7
Let z(a) = -a**3 - a. Let q = 10 - 9. Let r(s) = -s**3 - s - 7. Let j(c) = q*r(c) - 2*z(c). Let b(p) = p**2 - 5*p + 6. Let w be b(2). What is j(w)?
-7
Let c(n) = -6*n + 8*n + 3 + 8*n + 3*n. Let l(k) = -2*k - 1. Let z(m) = -c(m) - 6*l(m). Suppose 2 = -p - 2. Give z(p).
7
Let g(c) = -2*c + 4. Let f = 0 - -4. Suppose -4*q - 3*k = -4, -q + f*k = -0*q - 1. Suppose 0 = t + q - 4. Give g(t).
-2
Let v(g) be the third derivative of -g**5/60 - 11*g**4/12 - 3*g**3/2 - 49*g**2 - 1. What is v(-22)?
-9
Let z(r) be the second derivative of -5/6*r**3 + r - 1/2*r**2 + 6 + 1/12*r**4. Calculate z(6).
5
Suppose -2*q - 5 = 1. Let g be (-11)/q - (-2)/(-3). Suppose -g*j + j = -12. Let s(l) = l**3 - 6*l**2 + 2. What is s(j)?
2
Let o(r) be the first derivative of -r**4/12 - 3*r**3/2 - 7*r**2/2 + 3*r + 14. Let l(h) be the first derivative of o(h). Determine l(-7).
7
Let k(c) = -c - 2. Let i be k(7). Let t be (-60)/i*12/(-5). Let d be (1/((-4)/t))/(-1). Let w(b) = b**3 + 5*b**2 + 5*b + 6. Determine w(d).
2
Let c(o) = -o - 13. Let v be c(-4). Let d(w) = w**2 + 11*w + 2. Give d(v).
-16
Suppose i + 5*k = -23, 4*i + 3*k + 61 - 3 = 0. Let t(z) = -z**3 - 13*z**2 - z - 18. Determine t(i).
-5
Let b(d) be the first derivative of -d**4/4 - 2*d**3 + 3*d**2/2 + 9*d + 237. What is b(-6)?
-9
Let u(t) = -2*t - 2. Suppose 6*p = 2*w + 2*p - 2, 0 = -w - 5*p + 15. Calculate u(w).
-12
Let s(c) = c**2 + 3*c - 4. Let q(f) = -f**3 + 42*f**2 + 45*f - 92. Let v be q(43). Calculate s(v).
14
Suppose 0 = -2*w + 5*n - 3, w + 2*n - 4*n = -1. Suppose 0 = 5*g - 3*j + 31, g - 4 = -4*j - w. Let d(l) = 7 + 8*l + 0 - 5*l. Calculate d(g).
-8
Let l(q) = q + 1. Let o(g) = g**3 - 12*g**2 - 6*g + 2. Let h(t) = 5*l(t) - o(t). Give h(13).
-23
Let z(j) be the first derivative of j**3/3 + 4*j**2 + 4*j - 296. What is z(-5)?
-11
Let y = 398 + -396. Let a(q) = q - 3. Give a(y).
-1
Suppose -11 = -z - 5*d, 4*z + 56*d = 53*d - 7. Let l(r) = 5*r + 10. Determine l(z).
-10
Let d = -13 - -9. Let b(t) be the third derivative of 11*t**2 + 0 + 0*t - 1/2*t**3 + 1/120*t**6 + 1/20*t**5 - 1/12*t**4. Calculate b(d).
-11
Let c = 390 + -402. Let s(x) = -x**2 - 13*x + 11. Determine s(c).
23
Let k(h) be the first derivative of -15 + 6*h - 1/2*h**2. What is k(0)?
6
Suppose 2*g + 3*g = -45. Let n(k) be the second derivative of k**5/20 + 2*k**4/3 - 5*k**3/3 - 7*k**2/2 + 4*k + 917. What is n(g)?
2
Let s(c) be the third derivative of c**5/30 - c**4/24 - 3*c**3/2 - 5*c**2 + 1. What is s(4)?
19
Let s(o) = -o - 8. Suppose 25 = -c + 5*p, 23*c - 4 = 27*c + 4*p. Give s(c).
-3
Suppose -4*h = -93 - 7. Let z = h - 21. Let v(x) = x**3 + 6*x + z*x - 10*x + 1. Give v(2).
9
Let t(r) = -5*r - 1. Suppose 21 = -4*o + 3*s, -3*o - 5*s = 2*o + 35. Let m be o/9*(-3)/1. Let h be m - 0 - 0/(-1). Calculate t(h).
-11
Let a(n) = n + 3. Let q be a(2). Let s(w) = w**3 - 4*w**2 - 2*w - 10. Let v be s(q). Let g(k) = -1 - v + 5*k + 2 - 4*k. Calculate g(6).
2
Suppose -14*m = -11*m. Let j be (-6)/((3 - m) + -1 + 0). Let g(v) = 0*v - 4 - v - v**2 - 3*v. Determine g(j).
-1
Let k(t) = t - 205 + 103 + t + 108. Calculate k(0).
6
Let g(b) = -b**3 + 6*b**2 + 3*b + 5. Let j = -1164 + 1169. What is g(j)?
45
Let c(d) = -1381 + 687 - 2*d + 686. Let y = -1 - 6. Determine c(y).
6
Let o(x) be the third derivative of 0*x + 0 + 2*x**2 - 1/6*x**4 - 1/15*x**5 - 1/6*x**3 - 1/120*x**6. Let r(z) = -3*z. Let t be r(1). Give o(t).
2
Let h(x) = -x**3 - 6*x**2 + 3*x - 5. Suppose -3*g + 15*g = -84. What is h(g)?
23
Let b(h) = h**2. Let l(d) = d. Let k(r) = b(r) - l(r). Let w be 2/(-5) + 297/55. Suppose -4*y - w = -13. Determine k(y).
2
Let n(y) = -y**2 - 2*y**2 - y + 0*y**2 - 34 + y**2 + 32. What is n(-2)?
-8
Let i be (4 - 7)*14/(-6). Let t(p) = -p**3 + 8*p**2 - 5*p + 6. Calculate t(i).
20
Let q(v) = v**2 - 9*v + 23. Let h be q(14). Let s(a) = -95 - a**2 + h - 3*a**2. Determine s(2).
-18
Let w(u) be the first derivative of 3*u**4/4 + u**3 + 3*u**2/2 + 3*u - 60. Let q(r) = r - 6. Let k be q(4). Give w(k).
-15
Suppose 0 = -3*j + 5*m - 4 + 1, 2*j + 2 = -3*m. Let k be (-2)/j + 3/1. Suppose 0*u + 2*u = k*x - 38, -2*x - 5*u - 8 = 0. Let s(q) = q - 5. What is s(x)?
1
Suppose -5*r + 3*c + 8 = -39, 2*r + 3*c - 23 = 0. Let x be (r/40)/(2/24). Let f(q) be the first derivative of -q**2 + 2*q + 1. Determine f(x).
-4
Let t(b) = -4*b**3 - 2*b**2 - b - 2. Let x(n) = 3*n + 13. Let l be x(-5). What is t(l)?
24
Let t be -2 + 1 + (1 - 0). Let n(l) be the third derivative of 0 + 1/24*l**4 + 11/6*l**3 + 3*l + 4*l**2. Give n(t).
11
Let n(u) be the second derivative of -1/20*u**5 - u**2 + 3/4*u**4 + 15*u + 0*u**3 + 0. What is n(9)?
-2
Let j(z) be the third derivative of z**5/60 - z**4/24 - z**3/6 + 8*z**2 - 7. Suppose -b - 4 = 3*b. What is j(b)?
1
Let w(c) = c**2 + 10*c + 8. Suppose -4*i + 5*k = -3*i - 2, 5*k = 0. Let g be i/((16/(-108))/(4/6)). Determine w(g).
-1
Let v(p) be the first derivative of p**3/6 + 3*p**2/2 - 14*p + 13. Let z(u) be the first derivative of v(u). Calculate z(0).
3
Suppose 5*r - 6 = -3*l + 6, 12 = 3*l + 2*r. Suppose 8 = 4*g + 2*o + 6, -l*o - 16 = -2*g. Let i(f) be the first derivative of -f**2 - 1. Give i(g).
-4
Let n(y) be the third derivative of y**6/120 - y**5/60 - y**4/8 + y**3/6 + 194*y**2. Let g = 4 - 6. Let s = g + 4. Determine n(s).
-1
Let w(n) = -5*n**2 - 3*n - 9. Let d(v) = -9*v**2 - 7*v - 17. Let q(c) = 4*d(c) - 7*w(c). Let a(j) = j**3 - j - 1. Let h be a(-2). Give q(h).
-5
Let s(p) = 4*p**2 - 3*p. Let o(u) = -u**2 + 17*u + 3. Let v be o(17). Let t(c) = 5*c - 9*c**2 + 2*c - v + 3. Let y(z) = -7*s(z) - 3*t(z). Determine y(1).
-1
Let x(c) = c**3 + 29*c**2 + 27*c - 22. Let k be x(-28). Let g(p) = 3*p - 8. Calculate g(k).
10
Let t(c) = -20*c - 1. Let w(j) = 17*j. Let i(k) = 6*t(k) + 7*w(k). Let p(d) = d**3 - 5*d**2 - 2*d + 2. Let y be p(5). Give i(y).
2
Let h(m) = m**3 - 9*m**2 - 24*m + 28. Let w be h(11). Let x(l) = l**2 - 6*l + 4. Give x(w).
4
Let v(x) = x**2 + 2*x - 6. Suppose 2*k = a - 0*a + 11, -4*a = 2*k + 14. Let c be (-3 + k + 1)*4. Suppose -2*b + c*m - 14 = 0, m = 3*b - 0 + 16. Determine v(b).
9
Let f(w) = 2*w + 1. Let l(i) = -14*i + 1. Let n(a) = 5*f(a) + l(a). Give n(5).
-14
Suppose -3*n + 6 = -5*n. Let h(w) = 3*w + 4 - 10*w**2 + 8*w**2 + w + 3*w**2. Give h(n).
1
Let z be 2/((-120)/63 - -2). Let l(g) = g**2 + 38 - 18 - z - 3*g. Determine l(6).
17
Suppose -5*c = g - 6, -3*g + 18 = -0*c + 4*c. Let h(w) = 0 - 4*w + g + 2*w**2 - w**2 + 0*w**2. Give h(4).
6
Let b(d) = -d**3 + 5*d**2 - 3*d + 7. Let r = -1432 - -1435. What is b(r)?
16
Let u(c) be the third derivative of 0 - 5/6*c**3 - 1/12*c**5 + 0*c + 13*c**2 + 1/120*c**6 - 1/6*c**4. Determine u(6).
7
Suppose w + 0*w = 5. Suppose w*l = s + 7, s + 2*l = l + 5. Suppose 12 + 4 = -n - s*q, 3*q + 28 = -4*n. Let v(h) = -2*h**2 - 3*h + 4. Determine v(n).
-16
Suppose -7 = -c + 4. Let s(o) = 10*o**2 + 5 - o + 1 - c*o**2 - o**3. Suppose 5*p = 3*p. Determine s(p).
6
Let v(w) be the third derivative of 0*w - 10*w**2 + 0 + 5/6*w**3 + 1/24*w**4. Determine v(-3).
2
Suppose -2*w = 2*n - 18, 5*n + 29 = w + 2*n. Let t(r) = 7*r + w*r + 14*r - 22*r + 12. Let x(q) = -9*q - 8. Let c(k) = 5*t(k) + 7*x(k). Determine c(-5).
-6
Let p(n) be the second derivative of -4*n**3/3 - 56*n. Determine p(-2).
16
Let b(j) = -3*j**2 + 3*j + 5. Suppose 47*g + 28 = 33*g. Calculate b(g).
-13
Suppose 0 = -5*n - 4*t + 8 + 6, 5*t - 11 = -3*n. Suppose -3*c - 12 = 0, -16 = n*u - 0*u + 5*c. Let q(p) = -p**u - 1 - p + 2 + 0*p. Calculate q(2).
-5
Suppose -5*b + 4*l = 50, 3*b - 19 = 2*b - 5*l. Let t(x) be the second derivative of -x**4/12 - 7*x**3/6 + 3*x**2/2 + 38*x + 1. What is t(b)?
9
Let v(j) = -2*j**2 + 13*j + 3. Let r(n) = -n**2 + 6*n + 1. Let f(b) = 5*r(b) - 2*v(b). Let k(i) = i**3 - 7*i**2 + 7*i - 45. Let y be k(7). Calculate f(y).
-1
Suppose 0 = 5*g + 5*s - 1 - 24, -g = -s - 3. Let m(n) = 2 + 0*n - 2*n + n - g. What is m(0)?
-2
Let n(p) = 6*p + 4. Let x(k) = 7*k +